CREATE TABLE `adres` (
  `PESEL` bigint(20) NOT NULL,
  `Adres` text NOT NULL
) ENGINE=InnoDB DEFAULT CHARSET=latin1;

INSERT INTO `adres` (`PESEL`, `Adres`) VALUES
(4643384844, 'Lodz'),
(6789066565, 'Warszawa'),
(7567983949, 'Lodz'),
(7652349123, 'Warszawa'),
(7788989900, 'Warszawa');

CREATE TABLE `imiona` (
  `PESEL` bigint(20) NOT NULL,
  `Imie` text NOT NULL
) ENGINE=InnoDB DEFAULT CHARSET=latin1;

INSERT INTO `imiona` (`PESEL`, `Imie`) VALUES
(4643384844, 'Angelika'),
(6789066565, 'Maciej'),
(7567983949, 'Anna'),
(7652349123, 'Andrzej'),
(7788989900, 'Micha?');

CREATE TABLE `lekarze` (
  `PESEL` bigint(20) NOT NULL,
  `NIP` bigint(20) NOT NULL,
  `Imie` text NOT NULL,
  `Nazwisko` text NOT NULL,
  `Specjalizacja` text NOT NULL,
  `Adres` text NOT NULL
) ENGINE=InnoDB DEFAULT CHARSET=latin1;

INSERT INTO `lekarze` (`PESEL`, `NIP`, `Imie`, `Nazwisko`, `Specjalizacja`, `Adres`) VALUES
(7567983949, 74100923987, 'Anna', 'Gawronska', 'Internista', 'Lodz'),
(7652349123, 65120302014, 'Andrzej', 'Cieslak', 'Ginekolog', 'Warszawa'),
(88020187234, 7788989900, 'Michal', 'Lasota', 'Chirurg', 'Pila');

CREATE TABLE `nazwiska` (
  `PESEL` bigint(20) NOT NULL,
  `Nazwisko` text NOT NULL
) ENGINE=InnoDB DEFAULT CHARSET=latin1;

INSERT INTO `nazwiska` (`PESEL`, `Nazwisko`) VALUES
(4643384844, 'Meska'),
(6789066565, 'Piekny'),
(7567983949, 'Gawronska'),
(7652349123, 'Cieslak'),
(7788989900, 'Lasota');

CREATE TABLE `nip` (
  `PESEL` bigint(20) NOT NULL,
  `NIP` bigint(20) NOT NULL
) ENGINE=InnoDB DEFAULT CHARSET=latin1;

INSERT INTO `nip` (`PESEL`, `NIP`) VALUES
(4643384844, 74040434098),
(6789066565, 65123009034),
(7567983949, 74100923987),
(7652349123, 65120302014),
(7788989900, 88020187234);

CREATE TABLE `specjalizacja` (
  `PESEL` bigint(20) NOT NULL,
  `Specjalizacja` text NOT NULL
) ENGINE=InnoDB DEFAULT CHARSET=latin1;

INSERT INTO `specjalizacja` (`PESEL`, `Specjalizacja`) VALUES
(4643384844, 'internista'),
(6789066565, 'chirurg'),
(7567983949, 'internista'),
(7652349123, 'ginekolog'),
(7788989900, 'chirurg');

ALTER TABLE `adres`
  ADD PRIMARY KEY (`PESEL`);

ALTER TABLE `imiona`
  ADD PRIMARY KEY (`PESEL`);

ALTER TABLE `lekarze`
  ADD PRIMARY KEY (`PESEL`);

LTER TABLE `nazwiska`
  ADD PRIMARY KEY (`PESEL`);

ALTER TABLE `nip`
  ADD PRIMARY KEY (`PESEL`);

ALTER TABLE `specjalizacja`
  ADD PRIMARY KEY (`PESEL`);
